. Give q(k).
-10
Let q(n) = 3 - 4 - 179*n + 181*n. Let g(r) = -r**2 + 7*r + 7. Let c be ((-2)/(-2) + 7)/1. Let o be g(c). Determine q(o).
-3
Let t(c) = 6 + 3*c**2 - 4*c**2 - 1 + 3*c + 2*c + 0*c**2. What is t(7)?
-9
Let f = -8 + 23. Let c be (-1)/3 - (-80)/f. Suppose -c*l + 2 = -3*l. Let o(y) = y + 1. Give o(l).
2
Let y(x) = 4*x**3 + 8*x**2 + 2*x + 2. Let p(m) = -3*m**3 - 7*m**2 - m - 2. Let a(n) = -5*p(n) - 4*y(n). Let z(c) = -c**2 + 9*c - 5. Let j be z(8). Give a(j).
-7
Suppose 5*q = p - 5, -q - 3*q - 5*p - 4 = 0. Let a(m) = m**2 - m - 1. Let f(y) = y**2 - 3*y - 2. Let n(i) = 2*a(i) - f(i). What is n(q)?
0
Let g(f) = 2*f + 17. Let s(w) = w - 13. Suppose -5*t - 45 = -4*j, -40 = -3*j + 3*t + 2*t. Let p be s(j). Let r be g(p). Let q(b) = -2*b**2. Determine q(r).
-2
Suppose 0 = -29*v + 34*v - 10. Let f(s) = -14*s + 0*s**2 - 19 - 5*s**2 + 4*s**v. Calculate f(-13).
-6
Let q(z) be the first derivative of -z**3/6 + 3*z**2/2 - 6*z - 5. Let y(j) be the first derivative of q(j). What is y(-6)?
9
Suppose 0 = 3*w + 3*z + 9, -2*w - 27 = -3*w + 5*z. Suppose -8*s + 0*s = -16. Let q(m) = 2 - 2*m - m**2 + 2*m**s + 2*m + w*m. Determine q(-3).
5
Suppose 0*t + 7 = 2*t + 5*q, q = 4*t - 3. Let a(x) = 4*x**2 - 5*x + 7*x - 5 + t + 2*x**3 - 4*x**3. Give a(3).
-16
Let x(w) = w**2 - 2*w. Let k(h) = -h + 1. Let n be k(-5). Let g(r) = -6*r**2 - 6*r**3 + r + 2 - 10 + 7*r**3. Let o be g(n). What is x(o)?
8
Let s(q) = -2*q**2 - 28*q - 7. Let b(f) = -f**2 - 13*f - 3. Let k(l) = 9*b(l) - 4*s(l). Determine k(-5).
1
Let g(u) = -u**3 + 2*u**2 + 5*u - 4. Suppose 0 = -4*o - 2*b - 26, 4*b - b = -5*o - 33. Let m = -14 - -5. Let w = o - m. Give g(w).
2
Let l(h) = -h**2 - 9*h - 1. Suppose 0 = 5*a + w - 11, 3*a - 5 - 6 = -5*w. Suppose 24 = a*z - 5*z. Determine l(z).
7
Suppose -4*z = -29 + 1. Let l(b) = b**3 - 8*b**2 + 5*b + 9. Determine l(z).
-5
Let b(f) be the first derivative of 5/2*f**2 + 2*f + 2/3*f**3 - 10. Let x = 0 - 3. Give b(x).
5
Let b(q) = q**2 + 8*q + 4. Let r(h) = 0*h**2 + h**2 - h**3 + 1 + 7 - 8*h + 5*h**2. Let o be r(5). Determine b(o).
-3
Let o be (20/(-30))/((-4)/6). Let n = o - 16. Let d = 16 + n. Let a(p) = -5*p**2 - p + 1. Give a(d).
-5
Let w = 95 + -117. Let f(b) = -b - 26. Give f(w).
-4
Let z be (-85)/(-306) - (-10)/45. Let r(b) be the first derivative of -8 + z*b**2 + 3*b. Calculate r(-3).
0
Let j(k) = k**3 - k**2 - 8. Let m be ((-5)/(-45)*15)/((-2)/(-18)). Let v = 15 - m. Determine j(v).
-8
Let q be (-1)/((-73)/(-24) - 3). Let h be (-6)/10 + q/10. Let n(m) be the third derivative of m**6/120 + m**5/15 + m**4/12 + m**3/6 - 10*m**2. Calculate n(h).
4
Suppose 0 = -6*k + 172 - 172. Let w(y) = -y**3 - 21. Give w(k).
-21
Let h(l) = 2*l + 3. Let q be (-2)/8 - (-6)/(-120)*15. Calculate h(q).
1
Let q(i) = i**3 + 11*i**2 - 10*i + 12. Suppose -48 = 4*h + 5*v, h = -0*h - 2*v - 12. Calculate q(h).
-12
Suppose -5*u + 2 = 4*b - 3*b, 4*u = -2*b + 4. Let f(o) = o + 1. What is f(u)?
1
Let z(b) = b**3 + 3*b**2 + 2*b - 1. Suppose s = 3*s. Suppose s = -2*m - m - 6. Let l be m*(1/(-1) + 2). Determine z(l).
-1
Let u(j) be the second derivative of j**5/60 + 4*j**3 + 19*j. Let z(l) be the second derivative of u(l). Give z(-1).
-2
Suppose -5*q - 10 = 0, 5*l - 4*q + q = -4. Let w(r) be the second derivative of r**4/4 + r**3/3 - r**2 + 61*r. What is w(l)?
6
Let j(y) be the second derivative of -y**5/20 + y**4/2 - y**3/6 + 13*y**2/2 + 7*y + 2. Determine j(6).
7
Suppose 0 = 4*o + 16 - 4. Let d(g) be the second derivative of g**5/20 + g**4/12 - g**3/3 - g**2 - 20*g - 2. Calculate d(o).
-14
Suppose -7*y + 28 = -11*y. Let b(j) = -j + 3. Let h(p) = -2*p + 2. Let i(m) = -3*b(m) + 2*h(m). Determine i(y).
2
Suppose -3*f = 4*i + 21, 3*f = -2*i - 0*i - 15. Let j(b) = 3 + 8*b + 6*b**2 - 3*b + 6*b**2 - 5*b**2 - 6*b**2. Determine j(i).
-3
Suppose 120 = -17*p + 35. Let z(w) = w**2 + 9*w + 7. Give z(p).
-13
Let p(j) = 6*j**2 + 35*j + 30. Let m(z) = z**2 + 7*z + 6. Let y(t) = -2*t + 14. Let n be y(8). Let x(h) = n*p(h) + 11*m(h). What is x(8)?
-2
Let n(s) = 0 + 0 - 4 + s - s**2 + 8. Let g be n(2). Let b(y) = -1 + 3*y + y - 3*y. What is b(g)?
1
Let y(d) = d**3 + 7*d**2 - 7*d + 7. Let c(i) = -i**2 + 2*i - 5. Suppose 0 = 16*g - 17*g + 3. Let n be c(g). Determine y(n).
-1
Let w(z) = 50*z**2 - 107*z**2 + 4 + 52*z**2 - 5. What is w(-1)?
-6
Suppose 5*p = -h + 45, -6*h + h - 5 = 2*p. Let m(t) = p*t + 42*t**2 - 84*t**2 + 43*t**2. Determine m(-10).
0
Suppose 100 = -5*v + 5*p, 3*v - 5*p + 0*p + 56 = 0. Let y = v + 21. Let u(c) = -3*c - 1. Give u(y).
2
Suppose -2 - 4 = -2*q. Let o(u) = -u**3 - 6 + 3*u**q + 6*u**2 - 2*u**3 - u**3. What is o(6)?
-6
Let c(n) be the first derivative of n**4/24 - 13*n**3/6 + 2*n**2 + 15. Let w(q) be the second derivative of c(q). Give w(0).
-13
Let w(l) = -l**2 + 10*l - 9. Let k be w(8). Let o(g) = -g + 1 - k + 6. Suppose 2 - 4 = f, 3*f + 10 = 2*p. Give o(p).
-2
Let i be (0 + -1)/((-3)/(-15)). Let h = -1 - i. Let x(p) = 1 + 3 - 1 + p**2 + 3*p - h. Calculate x(-5).
9
Let y(a) = -7*a**2 + 20*a - 14. Let h(x) be the second derivative of x**4/6 - 7*x**3/6 + 5*x**2/2 + x. Let k(t) = -17*h(t) - 6*y(t). Give k(-1).
8
Let d(z) = z**2 - z - 1. Let t(v) = 2*v + 9. Let n be t(-5). Let b(w) = 7*w**2 - 2*w - 11. Let o(p) = n*b(p) + 6*d(p). Let h = 5 - 11. What is o(h)?
-7
Let j(q) be the second derivative of -q**5/20 - 13*q**4/12 + 2*q**3 - 10*q**2 + 397*q. Give j(-14).
8
Let i(h) = -2*h + h**2 - 2*h - 3 + 2. Let v be ((-24)/21)/((130/91)/(-5)). What is i(v)?
-1
Let a(j) = j**3 + 22*j**2 + 40*j - 1. Let b be a(-20). Let c(i) = 2*i**2 + i + 2. What is c(b)?
3
Let l(m) = m**2 - 11*m - 3. Suppose -9 = -35*x + 376. Give l(x).
-3
Let v(d) = -d - 1. Let a(f) = -5*f - 3. Let i = 14 - 16. Let x(s) = i*a(s) + 9*v(s). Calculate x(0).
-3
Let m(d) = -101*d - 19. Let a(l) = 44*l + 10. Let b(u) = -7*a(u) - 3*m(u). Give b(-5).
12
Let b(i) = -1021*i - 31*i**3 + 512*i + 508*i + 1. What is b(1)?
-31
Let n(v) = 441 - 2*v**2 - 442 + 4*v**3 + v + 5*v**3 - 5*v**3. Determine n(2).
25
Let n(b) = b**3 + 8*b**2 - 4*b - 11. Let w = 785 - 793. Give n(w).
21
Let v(q) be the first derivative of 5*q**2/2 + 67. Let g(o) = 3*o. Let t = -10 - -18. Let x(n) = t*g(n) - 5*v(n). What is x(0)?
0
Let g(w) be the third derivative of -w**4/6 - w**3/2 - 239*w**2. Give g(-1).
1
Let r(c) = -2*c**3 - 3*c**2. Let m = -30 - -28. Let u be r(m). Let k(h) = -h - 2. Calculate k(u).
-6
Let n(r) = r**3 - 5*r**2 - 4*r - 1. Let h be 3*-1*(14/(-3) + 4). Suppose h*l - 7*l + 5*q = 0, 3*l + 4*q = 35. What is n(l)?
-21
Let u(k) = 2*k - 2. Let h(j) = j**3 + 12*j**2 + 9. Let y be h(-12). Let m(i) = i**2 + 9*i + 5. Let d be m(-10). Let s = d - y. Determine u(s).
10
Let x(z) = -z**2 - 5*z + 2. Suppose 6*d = 10 + 8. Suppose -2*o - 18 = -d*s, -21 = 4*o + 4*s - 5. What is x(o)?
-4
Let m be (-1 + -125 - 0) + -3. Let w = m - -127. Let k(s) = -11*s + 2. What is k(w)?
24
Let n(m) = -8*m - 7*m - 3 + 6*m. Let t be 3 + -2 + -17 + 14. What is n(t)?
15
Let v be 6/(-27) + (-50)/18. Let l(d) = 4*d - 1. Suppose 0 = 5*q - 0 + 10. Let t(r) = -5*r + 1. Let g(w) = q*t(w) - 3*l(w). Calculate g(v).
7
Let c(z) = z**3 + 6*z**2 + z - 3. Let v be (-3)/(-6) + (-2)/4. Let m be (-15)/15*(5 - v). Calculate c(m).
17
Suppose f + 3 - 1 = -g, 2*f - 20 = 2*g. Let a(u) = u + 5. Determine a(g).
-1
Let z(f) = f**3 - 6*f**2 + 5*f + 5. Suppose 2*v = -2*m + 14, 4*m + 0*m = -3*v + 23. What is z(v)?
5
Let w(x) = -x + 22. Let g be 0/(4/22 + 26/(-22)). What is w(g)?
22
Suppose -5*s - 4 = -14. Suppose -s*h + 15 = h. Let o(d) = 4*d**3 - 6*d**2 - 4*d + 7*d**2 - 2 - h*d**2 - 5*d**3. What is o(-3)?
1
Let h be 7 - 3/(0 - -1). Let a(z) = 3*z - 2. Let o be -1*(7 - 3 - 3). Let c(v) = v + 1. Let b(j) = o*c(j) + a(j). Calculate b(h).
5
Let j(q) = 2*q - 300 + 927 - 287 - 308. What is j(-17)?
-2
Let v(l) = -l**3 - 4*l**2. Let c be (-3)/(-2)*(-11)/((-55)/(-10)). Calculate v(c).
-9
Let m(k) be the second derivative of -k**5/60 + 7*k**4/24 - k**3/2 + 7*k**2/2 - 17*k. Let l(n) be the first derivative of m(n). Give l(4).
9
Let j(x) = x - 10. Suppose -108*k + 110*k = -18. Let f be (-15)/5*k/3. Determine j(f).
-1
Let h(a) = a**3 - 6*a**2 + 6*a - 4. Let l be 6/(-1)*(-18)/(-81)*-3. What is h(l)?
-12
Let s(t) be the first derivative of -t**4/4 + t**3/3 + t**2 + t - 54. Give s(-2).
9
Let m(z) = -z**3 + 12*z**2 - 9. Let d(s) = 4*